{"id":283,"date":"2017-01-20T13:26:58","date_gmt":"2017-01-20T12:26:58","guid":{"rendered":"https:\/\/demos.artbees.net\/jupiter\/evenemus\/contact-us-4\/"},"modified":"2024-02-21T12:56:51","modified_gmt":"2024-02-21T11:56:51","slug":"bio","status":"publish","type":"page","link":"https:\/\/fabricemukuna.com\/index.php\/bio\/","title":{"rendered":"BIO"},"content":{"rendered":"<div class=\"wpb-content-wrapper\">[mk_page_section bg_color=\u00a0\u00bb#ffffff\u00a0\u00bb blend_mode=\u00a0\u00bbmultiply\u00a0\u00bb bg_position=\u00a0\u00bbcenter top\u00a0\u00bb bg_repeat=\u00a0\u00bbno-repeat\u00a0\u00bb bg_stretch=\u00a0\u00bbtrue\u00a0\u00bb min_height=\u00a0\u00bb0&Prime; js_vertical_centered=\u00a0\u00bbtrue\u00a0\u00bb padding_top=\u00a0\u00bb100&Prime; padding_bottom=\u00a0\u00bb140&Prime; sidebar=\u00a0\u00bbsidebar-1&Prime;][vc_column][vc_column_text css=\u00a0\u00bb.vc_custom_1708516598790{margin-bottom: 0px !important;}\u00a0\u00bb]<strong>BIOGRAPHIE de FABRICE MUKUNA<\/strong><br \/>\nAuteur, compositeur, saxophoniste, chanteur, percussionniste<\/p>\n<p><strong>2021-2023<\/strong><\/p>\n<p>Cr\u00e9ation de nombreux morceaux Kintuini, Historiaverdadera, Eni Namoya, Africa Unie, Bolingo Africa\u2026<\/p>\n<p><strong>2021<\/strong><\/p>\n<p>Enregistrement d&rsquo;un single &#8211; Sa\u00ef Sa\u00ef Remix chant\u00e9 en fran\u00e7ais et en Lingala. le single fait partie des radars de sorties en d\u00e9cembre 2021 sur Spotify.<br \/>\nFabrice participe \u00e0 l&rsquo;\u00e9mission La Premi\u00e8re &lsquo;le monde est un village&rsquo; pr\u00e9sent\u00e9 par Didier M\u00e9lon.<\/p>\n<p><strong>2020<\/strong><\/p>\n<p>Laur\u00e9at du concours Matonge Sounds organis\u00e9 par Muziekpublique en mars 2020 et enregistrement d&rsquo;un single (Sa\u00ef Sa\u00ef) le 14 ao\u00fbt \u00e0 l\u2019Ancienne Belgique (radar des sorties en d\u00e9cembre 2020 sur Spotify)<\/p>\n<p><strong>2019<\/strong><\/p>\n<p>Le 21 novembre 2019 il enregistre un EP (Sawamba, Mbonge, Mamborena et une rumba congolaise Maria Rosa)<\/p>\n<p><strong>2017<\/strong>\u00a0&#8211;\u00a0<strong>2018<\/strong><\/p>\n<p>En 2017 Fabrice arrive en Belgique<br \/>\nIl suit des cours de musique dans diverses acad\u00e9mies et commence tr\u00e8s vite \u00e0 \u00e9crire ses propres compositions (jazz fusion, afrojazz, salsa, rumba et worldmusic). Il m\u00e9lange ses connaissances europ\u00e9ennes avec les rythmes africains et la musique sud am\u00e9ricaine..<\/p>\n<p><strong>Au Congo<\/strong><br \/>\nFabrice est n\u00e9 le 9 mai 1995 \u00e0 Mbuji-Mayi de parents congolais.<br \/>\nA l&rsquo;\u00e2ge de 8 ans il joue de la batterie pour les offices de l&rsquo;\u00e9glise et commence tr\u00e8s jeune \u00e0 voyager pour la musique avec l&rsquo;\u00e9glise.<br \/>\nA l\u2019\u00e2ge de 12 ans il part vivre seul \u00e0 Kinshasa. Il vit dans l&rsquo; \u00e9glise o\u00f9 il apprend \u00e0 jouer de la guitare. A l&rsquo;\u00e2ge de16\/17 ans il commence \u00e0 diriger une chorale de Gospel. L&rsquo;\u00e9glise finance ses \u00e9tudes. Il \u00e9tudie \u00e0 l\u2019Institut National des Arts et du Spectacle I.N.A.S. o\u00f9 il partage un saxophone avec 7 autres musiciens.<br \/>\nSa premi\u00e8re sc\u00e8ne fut le centre Wallonie Bruxelles de Kinshasa.<br \/>\nIl quitte l&rsquo;\u00e9glise et va vivre avec d&rsquo;autres musiciens chez Mike Kalambay, musicien Gospel tr\u00e8s connu au Congo.<br \/>\nAvec Mike il va parcourir l&rsquo;Afrique. Il jouera au stade de Lubumbashi.<br \/>\nA l\u2019\u00e2ge de 20 ans il se met au jazz gr\u00e2ce \u00e0 Paul Leperc Ngoyi et son groupe Jafrozz.<br \/>\nAvec ce groupe il a particip\u00e9 \u00e0 plusieurs festivals de jazz notamment \u00e0 Kinshasa et Brazzaville. Il fait partie des jeunes talents de Kinshasa. Toute la musique se joue d\u2019oreille sans partitions.<\/p>\n[\/vc_column_text][mk_padding_divider visibility=\u00a0\u00bbhidden-sm\u00a0\u00bb][\/vc_column][\/mk_page_section][vc_row][vc_column][mk_padding_divider size=\u00a0\u00bb150&Prime;][\/vc_column][\/vc_row]\n<\/div>","protected":false},"excerpt":{"rendered":"<p>[mk_page_section bg_color=\u00a0\u00bb#ffffff\u00a0\u00bb blend_mode=\u00a0\u00bbmultiply\u00a0\u00bb bg_position=\u00a0\u00bbcenter top\u00a0\u00bb bg_repeat=\u00a0\u00bbno-repeat\u00a0\u00bb bg_stretch=\u00a0\u00bbtrue\u00a0\u00bb min_height=\u00a0\u00bb0&Prime; js_vertical_centered=\u00a0\u00bbtrue\u00a0\u00bb padding_top=\u00a0\u00bb100&Prime; padding_bottom=\u00a0\u00bb140&Prime; sidebar=\u00a0\u00bbsidebar-1&Prime;][vc_column][vc_column_text css=\u00a0\u00bb.vc_custom_1708516598790{margin-bottom: 0px !important;}\u00a0\u00bb]BIOGRAPHIE de FABRICE MUKUNA Auteur, compositeur, saxophoniste, chanteur, percussionniste 2021-2023 Cr\u00e9ation de nombreux morceaux Kintuini, Historiaverdadera, Eni Namoya, Africa Unie, Bolingo Africa\u2026 2021 Enregistrement d&rsquo;un single &#8211; Sa\u00ef Sa\u00ef Remix chant\u00e9 en fran\u00e7ais et en Lingala. le single fait partie des [&hellip;]<\/p>\n","protected":false},"author":1,"featured_media":0,"parent":0,"menu_order":0,"comment_status":"closed","ping_status":"closed","template":"","meta":{"footnotes":""},"_links":{"self":[{"href":"https:\/\/fabricemukuna.com\/index.php\/wp-json\/wp\/v2\/pages\/283"}],"collection":[{"href":"https:\/\/fabricemukuna.com\/index.php\/wp-json\/wp\/v2\/pages"}],"about":[{"href":"https:\/\/fabricemukuna.com\/index.php\/wp-json\/wp\/v2\/types\/page"}],"author":[{"embeddable":true,"href":"https:\/\/fabricemukuna.com\/index.php\/wp-json\/wp\/v2\/users\/1"}],"replies":[{"embeddable":true,"href":"https:\/\/fabricemukuna.com\/index.php\/wp-json\/wp\/v2\/comments?post=283"}],"version-history":[{"count":24,"href":"https:\/\/fabricemukuna.com\/index.php\/wp-json\/wp\/v2\/pages\/283\/revisions"}],"predecessor-version":[{"id":1084,"href":"https:\/\/fabricemukuna.com\/index.php\/wp-json\/wp\/v2\/pages\/283\/revisions\/1084"}],"wp:attachment":[{"href":"https:\/\/fabricemukuna.com\/index.php\/wp-json\/wp\/v2\/media?parent=283"}],"curies":[{"name":"wp","href":"https:\/\/api.w.org\/{rel}","templated":true}]}}